st common divisor of 279 and 372.
93
Calculate the greatest common factor of 8 and 124.
4
What is the greatest common factor of 1368 and 3496?
152
Calculate the highest common divisor of 159 and 39.
3
Calculate the greatest common divisor of 5611 and 905.
181
Calculate the highest common factor of 2268 and 243.
81
Calculate the greatest common factor of 27 and 864.
27
What is the greatest common divisor of 544 and 85?
17
Calculate the greatest common divisor of 3366 and 495.
99
Calculate the greatest common divisor of 26 and 12.
2
Calculate the highest common factor of 210 and 714.
42
Calculate the greatest common factor of 50 and 70.
10
Calculate the highest common factor of 391 and 299.
23
Calculate the highest common divisor of 4326 and 42.
42
Calculate the highest common factor of 10 and 120.
10
What is the highest common factor of 107 and 38413?
107
Calculate the highest common factor of 78 and 12.
6
Calculate the highest common factor of 1066 and 13.
13
What is the highest common divisor of 22 and 3718?
22
Calculate the greatest common divisor of 189 and 1239.
21
Calculate the greatest common factor of 48 and 1116.
12
Calculate the highest common factor of 20631 and 39.
39
Calculate the greatest common divisor of 69 and 15.
3
What is the greatest common divisor of 573 and 27?
3
What is the greatest common factor of 152 and 40?
8
Calculate the greatest common factor of 572 and 88.
44
Calculate the highest common factor of 17 and 43843.
17
What is the greatest common factor of 342 and 3876?
114
Calculate the greatest common factor of 72 and 306.
18
What is the greatest common factor of 44 and 22528?
44
What is the highest common factor of 24 and 312?
24
Calculate the highest common factor of 156 and 195.
39
Calculate the highest common factor of 105 and 273.
21
Calculate the highest common divisor of 520 and 390.
130
Calculate the highest common factor of 55 and 11.
11
Calculate the highest common factor of 280 and 224.
56
What is the greatest common divisor of 3472 and 80?
16
Calculate the highest common divisor of 7659 and 1332.
333
What is the highest common factor of 31 and 155?
31
Calculate the greatest common divisor of 1128 and 96.
24
Calculate the highest common divisor of 72 and 90.
18
Calculate the highest common divisor of 14 and 154.
14
Calculate the greatest common divisor of 1356 and 48.
12
Calculate the highest common factor of 21 and 3773.
7
What is the highest common factor of 48 and 736?
16
What is the highest common divisor of 54 and 1566?
54
What is the highest common divisor of 100 and 80?
20
Calculate the highest common factor of 49 and 1225.
49
What is the greatest common factor of 4 and 484?
4
Calculate the greatest common divisor of 5600 and 525.
175
What is the greatest common factor of 36 and 2?
2
What is the greatest common divisor of 14 and 34?
2
What is the greatest common divisor of 3683 and 29?
29
Calculate the greatest common factor of 32 and 56.
8
What is the greatest common divisor of 8 and 632?
8
Calculate the greatest common divisor of 264 and 588.
12
What is the highest common factor of 1043 and 21?
7
What is the greatest common factor of 26 and 247?
13
Calculate the highest common factor of 868 and 496.
124
Calculate the highest common factor of 686 and 2646.
98
What is the greatest common factor of 347 and 3470?
347
Calculate the greatest common factor of 737 and 11.
11
What is the greatest common factor of 1887 and 444?
111
What is the greatest common divisor of 54 and 48?
6
Calculate the greatest common divisor of 50 and 30.
10
Calculate the greatest common factor of 342 and 38.
38
Calculate the greatest common divisor of 228 and 8189.
19
What is the highest common factor of 315 and 20?
5
What is the greatest common factor of 5983 and 341?
31
Calculate the highest common factor of 30 and 16545.
15
What is the highest common divisor of 8 and 512?
8
What is the highest common divisor of 92 and 87676?
92
Calculate the greatest common divisor of 4480 and 140.
140
Calculate the highest common factor of 24 and 29688.
24
What is the highest common divisor of 30 and 1290?
30
Calculate the greatest common divisor of 19 and 13.
1
Calculate the highest common factor of 36 and 11412.
36
What is the highest common divisor of 4825 and 25?
25
Calculate the highest common factor of 36 and 148.
4
What is the greatest common factor of 143 and 26?
13
What is the highest common divisor of 5324 and 1210?
242
Calculate the highest common divisor of 258 and 86.
86
Calculate the greatest common divisor of 323 and 51.
17
What is the highest common factor of 2416 and 16?
16
What is the greatest common factor of 9073 and 43?
43
Calculate the greatest common factor of 16199 and 97.
97
What is the greatest common factor of 12 and 972?
12
What is the highest common divisor of 1258 and 17?
17
What is the highest common factor of 1449 and 18?
9
What is the greatest common factor of 132 and 726?
66
What is the greatest common factor of 534 and 6?
6
Calculate the greatest common factor of 693 and 315.
63
Calculate the highest common factor of 23 and 69.
23
What is the greatest common divisor of 380 and 4540?
20
Calculate the highest common factor of 39 and 871.
13
Calculate the highest common factor of 93 and 124.
31
What is the greatest common factor of 204 and 1360?
68
Calculate the highest common divisor of 256 and 248.
8
What is the highest common divisor of 3388 and 154?
154
What is the highest common factor of 10 and 4804?
2
Calculate the highest common factor of 81 and 54.
27
Calculate the greatest common factor of 20252 and 4.
4
Calculate the greatest common factor of 418 and 114.
38
Calculate the highest common divisor of 1626 and 12.
6
What is the highest common factor of 80 and 1780?
20
Calculate the highest common factor of 234 and 846.
18
Calculate the greatest common divisor of 336 and 14672.
112
What is the highest common divisor of 305 and 1159?
61
Calculate the greatest common divisor of 19750 and 125.
125
Calculate the greatest common divisor of 156 and 182.
26
What is the highest common divisor of 40 and 11240?
40
What is the highest common factor of 2 and 1019?
1
What is the highest common divisor of 18 and 594?
18
Calculate the greatest common divisor of 333 and 148.
37
What is the highest common divisor of 3247 and 34?
17
What is the greatest common divisor of 26 and 234?
26
Calculate the highest common divisor of 196 and 1421.
49
Calculate the highest common divisor of 44 and 10736.
44
Calculate the greatest common factor of 30 and 750.
30
What is the highest common factor of 385 and 105?
35
Calculate the highest common divisor of 2875 and 23.
23
What is the greatest common divisor of 6 and 3327?
3
Calculate the highest common factor of 10 and 25.
5
What is the greatest common factor of 154 and 2233?
77
What is the greatest common divisor of 3072 and 480?
96
What is the greatest common divisor of 5 and 3360?
5
What is the greatest common divisor of 232 and 17516?
116
Calculate the highest common factor of 1 and 1031.
1
What is the highest common factor of 6 and 86?
2
What is the greatest common divisor of 137113 and 31?
31
Calculate the highest common divisor of 420 and 540.
60
Calculate the greatest common factor of 34 and 1666.
34
What is the highest common factor of 1608 and 96?
24
Calculate the highest common divisor of 4 and 3.
1
What is the greatest common factor of 266 and 8113?
133
Calculate the greatest common divisor of 371 and 1325.
53
Calculate the greatest common factor of 819 and 26.
13
What is the highest common factor of 63 and 147?
21
What is the greatest common factor of 396 and 48?
12
What is the highest common factor of 754 and 116?
58
Calculate the highest common divisor of 3256 and 308.
44
What is the greatest common divisor of 7 and 77?
7
Calculate the highest common divisor of 25 and 65.
5
What is the highest common factor of 4 and 108?
4
Calculate the greatest common divisor of 228 and 42.
6
Calculate the highest common divisor of 286 and 91.
13
Calculate the highest common factor of 23532 and 888.
444
Calculate the highest common factor of 496 and 403.
31
Calculate the highest common divisor of 621 and 1587.
69
What is the greatest common factor of 68 and 6766?
34
What is the gr